6
-95a7
3431666 (base 8) to base 14
1a3298
-21502 (base 12) to base 8
-125622
Convert -2041215 (base 6) to base 2.
-11000000111101011
What is 563634 (base 9) in base 5?
41243230
87d948 (base 16) to base 15
bacdc4
Convert -120244032 (base 5) to base 3.
-1001020212212
What is -1110101110110100100101 (base 2) in base 6?
-214434405
213420412 (base 5) to base 4
3200220223
f56f (base 16) to base 13
227a2
What is -2a82e7 (base 15) in base 2?
-111110101001000111011
What is 13c330 (base 15) in base 12?
39b246
-10001000001111010101000 (base 2) to base 9
-8353768
What is 5522245 (base 6) in base 14?
72473
What is 2606652 (base 9) in base 8?
5331403
What is -2c4d0a (base 14) in base 2?
-101111010011101011110
Convert -84aa6a (base 13) to base 12.
-105a980
Convert -20320331031 (base 4) to base 13.
-637980
-32120023100 (base 4) to base 10
-3769040
114c25 (base 15) to base 6
25413055
Convert 21d57 (base 14) to base 12.
3b6a1
Convert -111102202200 (base 3) to base 2.
-1000000100100001000
-102222131 (base 4) to base 15
-179b5
Convert -1bdd0d (base 14) to base 12.
-401ab5
What is 953ba (base 14) in base 12?
154560
Convert -41591 (base 11) to base 10.
-60600
What is 3aa44 (base 16) in base 3?
110012111011
Convert 93e5a0 (base 16) to base 2.
100100111110010110100000
What is 10111201021001 (base 3) in base 7?
21563053
-1bc9 (base 13) to base 3
-12210100
What is 120a010 (base 11) in base 16?
202668
What is -22021121201 (base 3) in base 4?
-213303022
-31803 (base 15) to base 14
-41341
50a570 (base 11) to base 15
112b17
Convert -12000021000212 (base 3) to base 5.
-1140143311
Convert 2725167 (base 12) to base 7.
122664640
1d3d9f (base 16) to base 14
37c51d
What is 1324121 (base 8) in base 9?
624535
5582a58 (base 11) to base 2
100101010100101100111011
What is -1210240 (base 6) in base 7?
-353265
Convert -34aa4 (base 13) to base 5.
-11040140
-2b757 (base 15) to base 13
-4b979
What is 454665 (base 11) in base 14?
14b96a
1515326 (base 7) to base 13
72998
Convert 12456714 (base 8) to base 2.
1010100101110111001100
Convert -ba808 (base 16) to base 6.
-24212344
Convert 11100011010110011100 (base 2) to base 9.
1668357
Convert -10000111001111111000 (base 2) to base 15.
-ae21b
Convert 642431 (base 7) to base 6.
2215302
What is 11202110102001 (base 3) in base 11?
147774a
-ebc5a (base 16) to base 6
-32410534
-1372027 (base 8) to base 16
-5f417
What is -409c22 (base 13) in base 5?
-341211001
-21333 (base 6) to base 2
-101101111001
What is 3255575 (base 8) in base 6?
30432421
What is 13545533 (base 6) in base 12?
1a52a9
What is a30e (base 16) in base 9?
63230
Convert 203160365 (base 7) to base 2.
101101011100101011100100
What is -493228 (base 15) in base 3?
-20121000020002
710ba (base 13) to base 9
337422
Convert -2032530 (base 9) to base 13.
-2bc7b8
What is 740304 (base 8) in base 15?
4cd21
Convert 1110400 (base 5) to base 11.
136a5
What is -63204626 (base 7) in base 6?
-310121345
Convert -202302202 (base 4) to base 10.
-142498
What is 32230403 (base 7) in base 15?
393d98
Convert 937cd (base 16) to base 11.
382970
-18ca5 (base 13) to base 10
-48300
776242 (base 13) to base 8
12565210
Convert -54115 (base 10) to base 5.
-3212430
Convert 175b491 (base 13) to base 5.
3420444001
-10001000001101101110 (base 2) to base 4
-2020031232
What is -100110011000110 (base 2) in base 16?
-4cc6
What is 42978 (base 10) in base 16?
a7e2
-5042433 (base 6) to base 5
-30122221
Convert 2253054 (base 6) to base 5.
12203101
What is 20133661 (base 8) in base 3?
21222111000021
What is 110110000011000010 (base 2) in base 8?
660302
What is -1081849 (base 10) in base 8?
-4100771
-2092756 (base 10) to base 13
-583723
What is -11232011131 (base 4) in base 15?
-1e945a
-91ef (base 16) to base 7
-213630
Convert -a0958 (base 13) to base 4.
-1012013210
What is -7259b (base 12) in base 11?
-a2311
What is -6142526 (base 7) in base 12?
-2b4408
Convert 19572b (base 15) to base 2.
100101101001001010011
What is 140303231 (base 6) in base 3?
12022110000101
Convert -480234 (base 9) to base 4.
-1012201231
-122301301113 (base 4) to base 14
-d0a247
What is 43c17 (base 14) in base 16?
281ad
-1011100011110000101 (base 2) to base 9
-636501
What is a44414 (base 11) in base 5?
412044042
What is 10213c (base 15) in base 16?
bb1c7
Convert -10110001001100001010 (base 2) to base 15.
-e509a
What is -354714 (base 9) in base 12?
-a3634
What is -1120133113 (base 4) in base 12?
-155907
56605402 (base 7) to base 15
6749e4
Convert -11012121 (base 4) to base 6.
-240413
Convert 9000c (base 15) to base 14.
bc097
-845603 (base 9) to base 4
-1322233302
-103363 (base 7) to base 16
-466c
-11030213301 (base 4) to base 15
-1bda2c
Convert -548563 (base 10) to base 12.
-225557
24025317 (base 8) to base 5
2321110324
Convert 43bd77 (base 14) to base 13.
6267a6
11010110000010 (base 2) to base 9
20710
-2330535 (base 6) to base 7
-1011662
What is 124462 (base 10) in base 2?
11110011000101110
What is 14024c (base 14) in base 4?
2220323230
Convert 3022203102 (base 4) to base 12.
340156
Convert -20920 (base 12) to base 2.
-1010011100101000
What is 123413402 (base 5) in base 6?
21003452
Convert 879360 (base 11) to base 9.
2567865
-6253206 (base 7) to base 10
-752646
Convert 9605 (base 14) to base 15.
7a02
What is -1102330203 (base 4) in base 15?
-6a9ec
-12001300132 (base 4) to base 6
-53511034
What is -16462727 (base 8) in base 15?
-508e8e
-7060445 (base 9) to base 13
-a1845a
-27017364 (base 8) to base 6
-333222100
161139 (base 11) to base 15
4e2cb
11110100110110110 (base 2) to base 14
3398a
-12201120202 (base 3) to base 7
-646355
Convert -743705 (base 8) to base 7.
-2051205
What is -14105151 (base 6) in base 14?
-c53d1
-38182 (base 15) to base 9
-302755
Convert -10000000000001101 (base 2) to base 8.
-200015
Convert 86bd3 (base 15) to base 14.
b1d3d
What is -44212230 (base 7) in base 2?
-1110100000000111110100
What is 2a7820 (base 11) in base 15?
96d14
4234430 (base 5) to base 9
117645
bb051 (base 15) to base 10
594076
What is 12d28 (base 16) in base 14?
2014c
Convert -3117524 (base 8) to base 2.
-11001001111101010100
20015505 (base 6) to base 8
2112401
Convert -31424340 (base 6) to base 15.
-132e06
-20327 (base 8) to base 4
-2003113
What is -23310000 (base 5) in base 6?
-4322405
Convert 4518599 (base 11) to base 2.
11110001100111110111101
What is 31155270 (base 8) in base 15?
8a85e7
What is 12222012111 (base 3) in base 16?
1cb0d
What is 12490058 (base 10) in base 15?
116ab58
What is 5175725 (base 8) in base 7?
14455204
What is -4575a54 (base 11) in base 15?
-a80e0a
-100011101001 (base 2) to base 15
-a21
-108331 (base 15) to base 2
-11000000001010011000
What is 220202020220102 (base 3) in base 6?
1145530445
What is -56135143 (base 7) in base 4?
-102133330012
What is -2340387 (base 11) in base 7?
-46503326
What is 4b350 (base 13) in base 5?
13421413
What is -100100110010100111 (base 2) in base 7?
-1165226
Convert -1549139 (base 11) to base 13.
-7190a7
Convert -383537 (base 10) to base 15.
-78992
-142805 (base 11) to base 2
-110110100000010010
-210322120 (base 4) to base 13
-53a82
1244413244 (base 5) to base 4
23322130011
Convert 2202220001122 (base 3) to base 13.
3c7c4c
-226032 (base 10) to base 14
-5c532
Convert -25d88e (base 16) to base 10.
-2480270
What is 740215 (base 9) in base 7?
3511052
20021001001 (base 3) to base 12
5b391
What is 7293662 (base 10) in base 15?
991142
What is -2212100122122 (base 3) in base 14?
-2b8c72
Convert 2879775 (base 12) to base 9.
16252548
42446 (base 9) to base 16
6da4
Convert 1294a (base 13) to base 16.
86ea
What is 1c3475 (base 13) in base 8?
2600754
Convert 2103013131 (base 4) to base 7.
5056551
20102111201210 (base 3) to base 8
15016202
2308012 (base 9) to base 8
4601260
Convert -1012320 (base 5) to base 3.
-211202021
What is -354470 (base 14) in base 15?
-25d75a
7576763 (base 9) to base 13
ac4a90
What is 4776a (base 11) in base 16?
10cc4
What is 1051631 (base 12) in base 4?
23302331011
Convert -24a5a5 (base 12) to base 6.
-20455525
102201220020221 (base 3) to base 12
2109807
Convert 1b4a26 (base 14) to base 9.
1743182
10338a5 (base 12) to base 6
145245525
What is -2947207 (base 11) in base 8?
-23234147
c53e (base 15) to base 5
2313214
What is 210121012220211 (base 3) in base 8?
53624720
What is 3937a9 (base 11) in base 9?
